= 0. Let k be 27/(-54)*(q + 2*-194). Suppose -5*d + k + 141 = 0. What is the remainder when d is divided by 23?
21
Suppose -3*k - 3*r + 228 = 141, 0 = -4*k - 5*r + 121. What is the remainder when 767 is divided by k?
23
Suppose -m = -20*n + 21*n - 27, 2*m = 2*n + 62. Calculate the remainder when 866 is divided by m.
25
Let w(z) = 606*z + 3848. Calculate the remainder when w(-6) is divided by 88.
36
Let c(j) = -4*j**3 + 3*j**3 - 299377*j + 2*j**2 + 299387*j - 3. Let z = -8 - -12. What is the remainder when 19 is divided by c(z)?
4
Let z(i) = -141*i - 403. Suppose 2*n - 25 = -3. Calculate the remainder when z(-3) is divided by n.
9
Suppose 0 = 2*s - 18, -s + 117 = 3*l - 6*s. Calculate the remainder when 833 is divided by l.
23
What is the remainder when 7/70 + 2436/40 is divided by 4?
1
Let q(o) = -9*o**2 - 339*o - 110. Calculate the remainder when 453 is divided by q(-37).
5
Let m(b) = b**2 + 21*b - 30. Suppose 0 = 4*y + 133 - 41. What is the remainder when 26 is divided by m(y)?
10
Suppose 64 = 2*p + 2*n, 5*p - 4*p = -4*n + 23. Let d = p - -35. Suppose 2*q - 40 = 2*v, 2*v - 64 = -2*q - 2*v. What is the remainder when d is divided by q?
22
Let t = -2456 + 2664. Calculate the remainder when 2495 is divided by t.
207
Let u = 17422 + -17254. Calculate the remainder when 1207 is divided by u.
31
Suppose 2*y - 173 = j + 177, -6*y + 5*j + 1042 = 0. Calculate the remainder when y is divided by 92.
85
Let x(d) = 6*d**2 + 144*d + 3396. What is the remainder when x(-20) is divided by 23?
18
Let p(j) = j**2 + 7*j + 5. Let a be p(-6). Let n be 74 - (8/2 + a). Suppose -n = -3*h + 46. What is the remainder when h is divided by 8?
7
Suppose 0 = 20*z - 22*z + 60. Suppose m - 218 = -20. Calculate the remainder when m is divided by z.
18
What is the remainder when 137/3*3*1 is divided by 76/152*(7 - 6 - -69)?
32
Suppose 0 = 15*c + 1837 + 3473. Let b = c - -381. Calculate the remainder when b is divided by 7.
6
Suppose -319 = -4*c - 203. Let k(b) = 18*b**2 - 3*b + 6. What is the remainder when k(6) is divided by c?
27
Suppose -26*l - 242*l = -55744. What is the remainder when l is divided by 206?
2
Let s be (6/(-18) - (-15)/99)*-11. Suppose -2*r + 5*z - 141 + 882 = 0, s*r - 4*z - 740 = 0. Calculate the remainder when r is divided by 62.
58
Suppose 697*c - 767 = 85*c + 6577. Let r(f) = 2*f**2 + 3*f - 7. Calculate the remainder when r(5) is divided by c.
10
Suppose -3*v + 7 + 14 = 2*h, 3*v - 30 = -5*h. Let t(q) = -q**3 + 5*q**2 + 3*q - 4. Let n(m) = -15*m - 4. What is the remainder when n(-3) is divided by t(v)?
8
Let s(b) = -14*b**3 + 30*b**2 + 60*b - 3. Calculate the remainder when 974 is divided by s(-2).
102
Suppose -149*z + 207*z = 40600. Calculate the remainder when z is divided by 54.
52
Let p(w) = 7*w**3 - 16*w**2 + 3*w + 6. What is the remainder when 559 is divided by p(3)?
19
Let q(p) = p**3 - 22*p**2 + 125*p + 73. Calculate the remainder when 268 is divided by q(10).
22
Suppose 4*r = -r + 420. Let f = r - 54. What is the remainder when 1/1*(1600 + 2)/18 is divided by f?
29
Let x = -438 - -436. Let n(b) be the second derivative of -b**5/4 - b**4/6 + 3*b**2 - 3*b. Calculate the remainder when n(x) is divided by 23.
15
Suppose -1341 + 175 = -22*n. Suppose -7 = 2*q - n. What is the remainder when q is divided by 11 + (-2)/(-2) - 0?
11
Let g = 4775 + -4587. Calculate the remainder when g is divided by 92.
4
Let z = 1229 + -318. Calculate the remainder when z is divided by 46.
37
Let q = 2347 + -2343. Let r = 0 - -1. Suppose r = q*t - 35. Calculate the remainder when 35 is divided by t.
8
Let h = 5823 - 5790. Calculate the remainder when 153 is divided by h.
21
Suppose 2*w - 5*y = 434, -5*y - 462 = 4*w - 1270. Suppose 0 = -a + 3*a - 70. Calculate the remainder when w is divided by a.
32
Let a(t) = 153*t - 220. What is the remainder when a(2) is divided by (1863/6)/9*2/3?
17
Let j(u) = -6*u - 9 - 4*u**2 - 4*u + 6*u + 2*u**2. Let d be j(-6). Let t = d + 67. Calculate the remainder when t is divided by 8.
2
Let c(y) = -115*y - 72. What is the remainder when c(-2) is divided by 11?
4
Suppose -j + f = 2*j - 41, -24 = -2*j + 4*f. Let x(o) = -37 - 15*o + 9*o - 30. What is the remainder when x(-17) is divided by j?
7
Let b = 91 - 62. Suppose d - 55*z = -54*z + 110, -4*d + 446 = -2*z. What is the remainder when d is divided by b?
26
Let k(r) = r**3 + r**2 - 6*r + 4. Let h be k(3). Suppose 0 = 3*j - 38 - h. Suppose 10*f - 20 - j = 0. Calculate the remainder when 14 is divided by f.
2
Suppose -2*g - 116 = -6*g. Calculate the remainder when g is divided by (44 + (-6586)/148)/(((-1)/(-16))/(-1)).
5
Let f(q) = -57*q + 3137. Calculate the remainder when 2443 is divided by f(55).
1
Let g(z) = z**3 - 25*z**2 - 568*z + 59. What is the remainder when g(40) is divided by 41?
27
Let y(b) = -b**3 - 4*b**2 - 7*b - 111. Let t = -546 - -540. Calculate the remainder when 39 is divided by y(t).
0
Let s(c) = -4*c - 8. Let m be s(-8). Let r be (38/(-4))/((-31)/124). Let v = r - m. Calculate the remainder when 41 is divided by v.
13
Suppose -3893 - 8449 = -34*n. Let m = n + -344. Calculate the remainder when 168 is divided by m.
16
Suppose 5*k = -6*d + d + 135, d = -5*k + 43. Suppose -4*u = 398 - 714. What is the remainder when u is divided by d?
10
Let b(n) = 14*n**2 - 9*n + 14. Let h(g) = g**2 + 30*g - 36. Let i be h(-31). Calculate the remainder when b(i) is divided by 18.
13
Let z(a) = -a**2 + 14*a + 66. Suppose 4*k + 30 = 5*o + 3*k, 2*o - 2*k - 20 = 0. What is the remainder when z(17) is divided by o?
0
What is the remainder when (0 + 3)/(-6)*(8 - 6)*-351 is divided by 247?
104
Calculate the remainder when 482 is divided by 1/(2/50) - ((-27 - -28) + -7).
17
Let b = -1 + 5. Suppose -2*t - 836 = -4*q - 6*t, 4*t + 820 = b*q. What is the remainder when q is divided by 19?
17
Let w = -1446 - -1470. What is the remainder when 523 is divided by w?
19
Suppose -39*h + 50*h = 55. Let t(c) = 3*c + 34. Calculate the remainder when h is divided by t(-11).
0
Let q(c) = -c**2 - c - 1. Let k(p) = 2*p**3 + 6*p**2 - 5*p + 38. Let g(u) = k(u) + 5*q(u). What is the remainder when g(3) is divided by 14?
10
Suppose -2*n + 116 + 4 = 5*i, -72 = -3*i + 4*n. Let d be (14/(-3))/(2/(-6)). Suppose d = t - 30. Calculate the remainder when t is divided by i.
20
Let d(s) = -5*s**2 + 150*s - 39. Let t be d(28). Let o = t + -224. What is the remainder when o is divided by 18*3*1/9?
5
Suppose -72 + 74 = a. Suppose r - 440 = -o - a*o, -4*r - 298 = -2*o. Let d = o + -59. Calculate the remainder when d is divided by 15.
13
Let c(r) = -r**3 + 5*r**2 - 2*r - 7. Let o be c(4). Calculate the remainder when 1/(-4)*o - 3900/(-48) is divided by 24.
9
Let j(s) = -s**3 - s**2 + 3*s - 54. Calculate the remainder when 754 is divided by j(-6).
106
Suppose 3*j + 18*n - 17*n - 49 = 0, 8*j = 4*n + 124. Let c = 19 - -47. Suppose -2*z - 6 = -c. Calculate the remainder when z is divided by j.
14
Suppose 58*i - 60*i + 330 = -2*j, 4*j = 3*i - 499. Let h = 49 + -28. Calculate the remainder when i is divided by h.
14
Let c(h) = h + 0*h**2 + 8*h - 9 + h**2 - 3*h. Suppose y = -5 - 5. Calculate the remainder when c(y) is divided by 11.
9
Suppose -z = -0*z - 12. Suppose 1034*p - 1260 = 24629 + 8233. What is the remainder when p is divided by z?
9
Let u = 72 + -70. Suppose -c - 2 = u. Let m(z) = -z**2 - 9*z - 7. Calculate the remainder when 49 is divided by m(c).
10
Let o(l) = 827*l**2 + 4126*l + 13. Let q(k) = 2*k**3 - 3*k**2 + 3*k - 3. What is the remainder when o(-5) is divided by q(3)?
25
Let w(m) = -3*m**2 - 8*m - 11. Let s be w(-3). Let t = -34 - s. Let b(l) = -l - 5. Calculate the remainder when 42 is divided by b(t).
12
Let r be 2049/1*(-12)/(-36). Suppose 35*c - r = 262. Calculate the remainder when (-104 + -2)/(-1) - 0 is divided by c.
25
Let n(x) = -x**3 - x**2 - 7. Let w = -9 - -4. What is the remainder when n(w) is divided by ((3*1)/(15/(-48)))/(2850/(-9500))?
29
Suppose 0 = -195*f - 134*f + 63*f + 57988. Calculate the remainder when f is divided by 44.
42
Let g(w) = -72*w - 3579. Calculate the remainder when 283 is divided by g(-50).
10
Let l = 38462 + -38255. What is the remainder when 854 is divided by l?
26
Suppose 5*i - 9*i = 92. Let d = -4 - i. Suppose -p + 58 = 5*c, -1 = -c - 4. What is the remainder when p is divided by d?